00110000
Convert -221022000102 (base 3) to base 7.
-4142441
3320120132 (base 4) to base 12
410912
What is 10b20b8 (base 15) in base 3?
211111100101102
What is 917d6b (base 14) in base 13?
1027818
What is 10031223023 (base 4) in base 3?
2002010012122
5440456 (base 7) to base 15
d21e4
Convert -7153a7 (base 11) to base 10.
-1149133
14476 (base 15) to base 9
108313
Convert -6f5f5 (base 16) to base 4.
-1233113311
Convert 132108 (base 9) to base 3.
11002010022
What is 1314000 (base 9) in base 10?
718065
267d37 (base 16) to base 10
2522423
Convert 3677406 (base 10) to base 3.
20220211110020
Convert -21510355 (base 6) to base 8.
-2357277
What is 1027ee (base 15) in base 6?
24243112
What is 688ba (base 14) in base 15?
504a5
What is -35e1c1 (base 16) in base 14?
-67cc49
Convert 10242240 (base 5) to base 9.
142543
1000111011010101 (base 2) to base 10
36565
What is -1001001100111101001000 (base 2) in base 15?
-329b90
Convert 50d26b (base 14) to base 6.
134225011
What is 2546c (base 16) in base 14?
3d900
What is 100010000111000010101110 (base 2) in base 4?
202013002232
Convert 2872632 (base 10) to base 12.
b664a0
What is 65523111 (base 7) in base 16?
55bee2
10bab (base 16) to base 12
337a3
What is -1000212031 (base 4) in base 10?
-264589
111101001100101101 (base 2) to base 13
8a133
What is 124041353 (base 6) in base 13?
671a63
What is -100001111000101000100110 (base 2) in base 3?
-121201021210212
-181049a (base 13) to base 15
-a48e7c
Convert -131533 (base 8) to base 9.
-68876
32731 (base 13) to base 2
10110010010100100
Convert -11372746 (base 8) to base 4.
-21133113212
Convert -8b493a (base 12) to base 6.
-115422114
-61381 (base 12) to base 15
-277ed
What is 1002333102 (base 4) in base 12?
112956
Convert -1202010022 (base 5) to base 7.
-32340622
What is ce60 (base 15) in base 3?
2020000000
-483b06 (base 12) to base 16
-11d276
Convert 110390 (base 10) to base 13.
3b327
-44023433 (base 5) to base 11
-238064
What is 3000302103 (base 5) in base 3?
102001011210102
Convert 521c82 (base 14) to base 16.
2a48da
What is -146532332 (base 7) in base 6?
-551134025
What is -113213322 (base 4) in base 13?
-35073
-10100111010000111 (base 2) to base 8
-247207
Convert c0bc83 (base 13) to base 15.
5d7e2d
Convert -4314026 (base 7) to base 9.
-878812
Convert -a7642a (base 14) to base 8.
-25467266
What is -2213203300 (base 4) in base 15?
-d854a
Convert -220156 (base 8) to base 2.
-10010000001101110
Convert -231312322 (base 4) to base 14.
-4c64a
What is 127d47 (base 15) in base 4?
3120213022
What is -102011101210 (base 3) in base 6?
-4413120
What is 20135665 (base 8) in base 15?
58bedc
What is 1123223200 (base 4) in base 14?
9abcc
-8c823 (base 15) to base 11
-2860a7
What is -2057611 (base 8) in base 5?
-120024440
-1050057 (base 8) to base 9
-470668
What is 174a857 (base 12) in base 6?
251301351
What is 212111202 (base 3) in base 4?
10023302
Convert 237995 (base 11) to base 7.
3125525
Convert 41040200 (base 5) to base 4.
1100232303
Convert 9ecaa (base 16) to base 14.
12d05c
What is -263234 (base 7) in base 9?
-74405
What is 591109 (base 10) in base 7?
5011231
What is -42223130 (base 5) in base 3?
-122212101122
Convert 601338 (base 11) to base 12.
3a8261
6782b6 (base 16) to base 15
8dee9a
-7316142 (base 8) to base 15
-284ebd
3f9b (base 16) to base 15
4c58
Convert -127022 (base 10) to base 6.
-2420022
Convert 55245 (base 11) to base 10.
80151
Convert 1456178 (base 9) to base 15.
10d798
Convert 2777721 (base 12) to base 8.
36017111
-423173 (base 12) to base 15
-158c10
Convert -85b74 (base 16) to base 15.
-ac435
-1010022122 (base 3) to base 15
-6838
Convert -145240351 (base 6) to base 5.
-1240203030
-1102102232 (base 4) to base 13
-ba566
45403066 (base 8) to base 7
146366460
What is 11db671 (base 15) in base 12?
437652a
Convert -112d9 (base 16) to base 5.
-4222421
What is c253 (base 16) in base 10?
49747
What is 1724417 (base 11) in base 3?
12112001201122
Convert 181771 (base 10) to base 14.
4a359
21341 (base 8) to base 2
10001011100001
Convert -8a339 (base 13) to base 4.
-331102011
What is -12313321 (base 6) in base 3?
-202020211111
What is 10100111111001001011 (base 2) in base 3?
1021221100001
Convert -133123332 (base 4) to base 6.
-2432050
566577 (base 16) to base 12
1a907b3
What is 33276106 (base 8) in base 10?
7175238
12801a2 (base 11) to base 2
1000011011110011010000
What is 65814 (base 12) in base 10?
134224
-70b54 (base 16) to base 10
-461652
What is -13465013 (base 7) in base 15?
-19d44e
-232223213 (base 4) to base 11
-120725
Convert 2bccb (base 15) to base 6.
3010002
12202201121112 (base 3) to base 15
4082e2
a3411 (base 16) to base 12
282b81
Convert 10517828 (base 9) to base 15.
6a84a2
What is 110121120122 (base 3) in base 7?
2052566
Convert -2131250 (base 7) to base 10.
-259784
What is -683566 (base 14) in base 13?
-970bb8
What is -3145012 (base 6) in base 12?
-75168
Convert -521661 (base 10) to base 14.
-d8177
Convert 4236331 (base 7) to base 15.
a22ca
Convert -2022122012210 (base 3) to base 4.
-10230333333
-2330121331 (base 4) to base 16
-bc67d
What is 100001110010111100101000 (base 2) in base 9?
17602763
Convert -1774714 (base 9) to base 3.
-1212111210111
1052034 (base 7) to base 16
1fd3d
Convert 397010 (base 11) to base 10.
624250
-1884233 (base 15) to base 16
-110e5cf
-221138 (base 13) to base 4
-3003311021
7573570 (base 8) to base 16
1ef778
What is 11100220222 (base 3) in base 11?
59652
2488a1 (base 16) to base 9
4448283
212642514 (base 7) to base 15
11acda6
165f33 (base 16) to base 14
2a245d
Convert 64706107 (base 8) to base 13.
2b45571
What is 100110010110111001101 (base 2) in base 6?
42535005
What is -5503aa2 (base 11) in base 6?
-543120555
Convert -20049c (base 15) to base 2.
-101110011000010110101
What is 62de3 (base 15) in base 5?
40014023
Convert -46446 (base 10) to base 11.
-31994
-112001200202 (base 3) to base 15
-57032
What is 2231113023 (base 4) in base 5?
140210331
What is -13103223 (base 7) in base 5?
-301210231
Convert -264364 (base 7) to base 13.
-19753
What is -130102200 (base 4) in base 2?
-11100010010100000
223111302010 (base 4) to base 7
165366436
11240210 (base 5) to base 2
11001000010011011
What is -1135365 (base 9) in base 8?
-2257350
Convert 23a2212 (base 11) to base 6.
225255254
Convert -1222011121120 (base 3) to base 14.
-1d3586
Convert -114102253 (base 6) to base 12.
-87a989
Convert -2135003 (base 6) to base 5.
-11343214
-1b66b0 (base 13) to base 3
-1022112221122
Convert -11000112210 (base 3) to base 10.
-79131
Convert 1110111012021 (base 3) to base 13.
212a1c
What is -20121101012111 (base 3) in base 11?
-1a8896a
2a03 (base 14) to base 2
1110100011011
What is 436056 (base 8) in base 12?
70926
Convert -d274 (base 16) to base 8.
-151164
Convert 53792 (base 12) to base 15.
228c2
Convert 1a704d (base 14) to base 9.
1684145
What is 111011101101000100 (base 2) in base 12?
b9630
2579b (base 15) to base 10
119846
Convert 3579b (base 15) to base 9.
278752
Convert 328614 (base 12) to base 9.
1453047
What is 14052563 (base 7) in base 9?
2412025
Convert 22ee06 (base 16) to base 9.
4268118
What is -22132112223 (base 4) in base 2?
-1010011110010110101011
What is 5260 (base 14) in base 9?
21423
Convert -11cd09 (base 15) to base 10.
-853434
What is -445406 (base 8) in base 5?
-14302103
-3202133 (base 4) to base 12
-847b
What is 22bb39 (base 13) in base 10?
825782
Convert 327304 (base 10) to base 16.
4fe88
1743026 (base 9) to base 4
3231212313
11102201020220 (base 3) to base 11
136a374
-12216354 (base 7) to base 3
-2001201221100
Convert -39c55c (base 13) to base 8.
-5252706
Convert 327f30 (base 16) to base 15.
455840
-1001111101101000 (base 2) to base 12
-1b748
35385333 (base 9) to base 6
1413301133
21010220 (base 3) to base 9
7126
Convert 18c1ca (base 13) to base 6.
21232212
-1011546 (base 9) to base 16
-83a2a
-70285 (base 12) to base 8
-434205
-8e1e (base 16) to base 8
-107036
What is 30132332 (base 4) in base 16?
c7be
-22211102110212 (base 3) to base 5
-2200133140
What is 1779a5 (base 12) in base 10?
407501
Convert 720995 (base 15) to base 13.
1179743
What is -273342 (base 10) in base 12?
-112226
What is -23450552 (base 7) in base 2?
-111111011101100111100
What is 14421330 (base 5) in base 2?
100101101111011110
-2612453 (base 9) to base 15
-1d25cc
Wh